{"id":95,"date":"2015-01-21T22:35:17","date_gmt":"2015-01-22T01:35:17","guid":{"rendered":"http:\/\/www.igrejabatistasalem.com.br\/blog\/?page_id=95"},"modified":"2026-03-13T16:28:37","modified_gmt":"2026-03-13T19:28:37","slug":"igrejas","status":"publish","type":"page","link":"http:\/\/www.igrejabatistasalem.com.br\/home\/quem-somos\/igrejas\/","title":{"rendered":"IGREJAS"},"content":{"rendered":"<p><strong>IBS SEDE IJU\u00cd<\/strong><\/p>\n<div id=\"attachment_378\" style=\"width: 310px\" class=\"wp-caption aligncenter\"><a href=\"http:\/\/www.igrejabatistasalem.com.br\/home\/wp-content\/uploads\/2015\/01\/SEDE-IJUI.jpg\"><img loading=\"lazy\" decoding=\"async\" aria-describedby=\"caption-attachment-378\" class=\"size-medium wp-image-378\" src=\"http:\/\/www.igrejabatistasalem.com.br\/home\/wp-content\/uploads\/2015\/01\/SEDE-IJUI-300x225.jpg\" alt=\"Igreja Batista Salem em Iju\u00ed-RS\" width=\"300\" height=\"225\" srcset=\"http:\/\/www.igrejabatistasalem.com.br\/home\/wp-content\/uploads\/2015\/01\/SEDE-IJUI-300x225.jpg 300w, http:\/\/www.igrejabatistasalem.com.br\/home\/wp-content\/uploads\/2015\/01\/SEDE-IJUI-400x300.jpg 400w, http:\/\/www.igrejabatistasalem.com.br\/home\/wp-content\/uploads\/2015\/01\/SEDE-IJUI.jpg 960w\" sizes=\"auto, (max-width: 300px) 100vw, 300px\" \/><\/a><p id=\"caption-attachment-378\" class=\"wp-caption-text\">Igreja Batista Sal\u00e9m em Iju\u00ed-RS<\/p><\/div>\n<p>PASTOR: JOEL GON\u00c7ALVES PEREIRA<br \/>\nRUA: VEN\u00c2NCIO AIRES,\u00a0 197 CENTRO<br \/>\nTEL: (55) 3333-2466<br \/>\n<a href=\"mailto:pastorjoel@igrejabatistasalem.com.br\">pastorjoel@igrejabatistasalem.com.br<\/a><\/p>\n<p>FACEBOOK: <a href=\"https:\/\/www.facebook.com\/igrejabatistasalem100anos\">https:\/\/www.facebook.com\/igrejaevangelicabatistasalem<\/a><\/p>\n<p>JOVENS FORTES:\u00a0<a href=\"https:\/\/www.facebook.com\/jovensfortesijui\">https:\/\/www.facebook.com\/jovensfortesijui<\/a><\/p>\n<p>CULTOS: DOM &#8211; Culto da Fam\u00edlia<\/p>\n<p>TER &#8211; Culto de Ora\u00e7\u00e3o e Ensino<\/p>\n<p>S\u00c1B &#8211; Culto Jovens Fortes<\/p>\n<p><strong>IBS VILA JARDIM \u2013IJU\u00cd<\/strong><\/p>\n<p><a href=\"http:\/\/www.igrejabatistasalem.com.br\/home\/wp-content\/uploads\/2015\/01\/VILA-JARDIM-e1462235274119.jpg\"><img loading=\"lazy\" decoding=\"async\" class=\" wp-image-376 aligncenter\" src=\"http:\/\/www.igrejabatistasalem.com.br\/home\/wp-content\/uploads\/2015\/01\/VILA-JARDIM-e1462235274119-198x300.jpg\" alt=\"VILA JARDIM\" width=\"210\" height=\"317\" \/><\/a><\/p>\n<p>PASTOR: ATAUALPHA VINHOLES<\/p>\n<p>RUA LAUREANO DE MEDEIROS, 500 VILA JARDIM-IJU\u00cd<\/p>\n<p>INFORMA\u00c7\u00d5ES: (55) 3333-2466<br \/>\nCULTOS: SEX 19:30<\/p>\n<p>&nbsp;<\/p>\n<p><strong>IBS PELOTAS<br \/>\n<\/strong>PASTOR: PB. JUVENIL PEREIRA VINHOLES<\/p>\n<p>RUA\u00a0 PROF. DR. ARA\u00daJO, CENTRO,\u00a0 PELOTAS \u2013 RS<\/p>\n<p>INFORMA\u00c7\u00d5ES: (53) 9000-1111<\/p>\n<p>CULTOS: QUA, DOM<\/p>\n<p><strong>IBS CATU\u00cdPE<br \/>\n<\/strong><\/p>\n<p>PASTOR: EV. JOINERSSON PEREIRA<br \/>\nRUA: VELARIM RODRIGUES, 182 CENTRO<br \/>\nINFORMA\u00c7\u00d5ES: (55) 9195-9560<br \/>\nCULTOS: QUI 19:30<\/p>\n<p><strong>IBS CORONEL BARROS<\/strong><\/p>\n<p>PASTOR: JOEL PEREIRA<\/p>\n<p>INFORMA\u00c7\u00d5ES: (55) 3333-2466<br \/>\nCULTOS: QUI 19:30 min<\/p>\n","protected":false},"excerpt":{"rendered":"<p>IBS SEDE IJU\u00cd PASTOR: JOEL GON\u00c7ALVES PEREIRA RUA: VEN\u00c2NCIO AIRES,\u00a0 197 CENTRO TEL: (55) 3333-2466 pastorjoel@igrejabatistasalem.com.br FACEBOOK: https:\/\/www.facebook.com\/igrejaevangelicabatistasalem JOVENS FORTES:\u00a0https:\/\/www.facebook.com\/jovensfortesijui CULTOS: DOM &#8211; Culto da Fam\u00edlia TER &#8211; Culto de Ora\u00e7\u00e3o e Ensino S\u00c1B &#8211; Culto Jovens Fortes IBS VILA JARDIM \u2013IJU\u00cd PASTOR: ATAUALPHA VINHOLES RUA LAUREANO DE MEDEIROS, 500 VILA JARDIM-IJU\u00cd INFORMA\u00c7\u00d5ES: (55) 3333-2466 [&hellip;]<\/p>\n","protected":false},"author":1,"featured_media":0,"parent":6,"menu_order":0,"comment_status":"open","ping_status":"open","template":"","meta":{"footnotes":""},"class_list":["post-95","page","type-page","status-publish","hentry"],"_links":{"self":[{"href":"http:\/\/www.igrejabatistasalem.com.br\/home\/wp-json\/wp\/v2\/pages\/95","targetHints":{"allow":["GET"]}}],"collection":[{"href":"http:\/\/www.igrejabatistasalem.com.br\/home\/wp-json\/wp\/v2\/pages"}],"about":[{"href":"http:\/\/www.igrejabatistasalem.com.br\/home\/wp-json\/wp\/v2\/types\/page"}],"author":[{"embeddable":true,"href":"http:\/\/www.igrejabatistasalem.com.br\/home\/wp-json\/wp\/v2\/users\/1"}],"replies":[{"embeddable":true,"href":"http:\/\/www.igrejabatistasalem.com.br\/home\/wp-json\/wp\/v2\/comments?post=95"}],"version-history":[{"count":26,"href":"http:\/\/www.igrejabatistasalem.com.br\/home\/wp-json\/wp\/v2\/pages\/95\/revisions"}],"predecessor-version":[{"id":498,"href":"http:\/\/www.igrejabatistasalem.com.br\/home\/wp-json\/wp\/v2\/pages\/95\/revisions\/498"}],"up":[{"embeddable":true,"href":"http:\/\/www.igrejabatistasalem.com.br\/home\/wp-json\/wp\/v2\/pages\/6"}],"wp:attachment":[{"href":"http:\/\/www.igrejabatistasalem.com.br\/home\/wp-json\/wp\/v2\/media?parent=95"}],"curies":[{"name":"wp","href":"https:\/\/api.w.org\/{rel}","templated":true}]}}